{"id":29,"date":"2019-11-08T13:54:50","date_gmt":"2019-11-08T12:54:50","guid":{"rendered":"https:\/\/riksmaklaren.se\/uppsala\/?page_id=29"},"modified":"2021-03-17T13:28:57","modified_gmt":"2021-03-17T12:28:57","slug":"riksmaklaren-plus","status":"publish","type":"page","link":"https:\/\/riksmaklaren.se\/uppsala\/riksmaklaren-plus\/","title":{"rendered":"Riksm\u00e4klaren Plus"},"content":{"rendered":"","protected":false},"excerpt":{"rendered":"","protected":false},"author":1,"featured_media":0,"parent":0,"menu_order":0,"comment_status":"closed","ping_status":"closed","template":"","meta":[],"yoast_head":"<!-- This site is optimized with the Yoast SEO plugin v15.0 - https:\/\/yoast.com\/wordpress\/plugins\/seo\/ -->\n<meta name=\"description\" content=\"Riksm\u00e4klaren Plus gynnar b\u00e5de s\u00e4ljare och spekulanter. Vad inneb\u00e4r tj\u00e4nsten f\u00f6r dig som s\u00e4ljare? Hur hj\u00e4lper den dig som spekulant?\" \/>\n<meta name=\"robots\" content=\"index, follow, max-snippet:-1, max-image-preview:large, max-video-preview:-1\" \/>\n<link rel=\"canonical\" href=\"https:\/\/riksmaklaren.se\/uppsala\/riksmaklaren-plus\/\" \/>\n<meta property=\"og:locale\" content=\"sv_SE\" \/>\n<meta property=\"og:type\" content=\"article\" \/>\n<meta property=\"og:title\" content=\"Riksm\u00e4klaren Plus (rm+)\" \/>\n<meta property=\"og:description\" content=\"En bostad m\u00e4rkt med Riksm\u00e4klaren Plus (rm+) inneb\u00e4r att det \u00e4r en kommande f\u00f6rs\u00e4ljning och att f\u00f6rs\u00e4ljningen f\u00f6rv\u00e4ntas starta s\u00e5 snart som m\u00f6jligt, inom n\u00e5gra m\u00e5nader eller inom n\u00e5got eller n\u00e5gra \u00e5r etc. F\u00f6r att gynna b\u00e5de s\u00e4ljare och spekulanter.\" \/>\n<meta property=\"og:url\" content=\"https:\/\/riksmaklaren.se\/uppsala\/riksmaklaren-plus\/\" \/>\n<meta property=\"og:site_name\" content=\"Riksm\u00e4klaren Uppsala\" \/>\n<meta property=\"article:modified_time\" content=\"2021-03-17T12:28:57+00:00\" \/>\n<meta property=\"og:image\" content=\"https:\/\/riksmaklaren.se\/uppsala\/wp-content\/uploads\/sites\/2\/2020\/06\/DSC_7836-HDR-3.jpg\" \/>\n\t<meta property=\"og:image:width\" content=\"1440\" \/>\n\t<meta property=\"og:image:height\" content=\"961\" \/>\n<meta name=\"twitter:card\" content=\"summary_large_image\" \/>\n<script type=\"application\/ld+json\" class=\"yoast-schema-graph\">{\"@context\":\"https:\/\/schema.org\",\"@graph\":[{\"@type\":\"WebSite\",\"@id\":\"https:\/\/riksmaklaren.se\/uppsala\/#website\",\"url\":\"https:\/\/riksmaklaren.se\/uppsala\/\",\"name\":\"Riksm\\u00e4klaren Uppsala\",\"description\":\"M\\u00e4klaren genom livet\",\"potentialAction\":[{\"@type\":\"SearchAction\",\"target\":\"https:\/\/riksmaklaren.se\/uppsala\/?s={search_term_string}\",\"query-input\":\"required name=search_term_string\"}],\"inLanguage\":\"sv-SE\"},{\"@type\":\"WebPage\",\"@id\":\"https:\/\/riksmaklaren.se\/uppsala\/riksmaklaren-plus\/#webpage\",\"url\":\"https:\/\/riksmaklaren.se\/uppsala\/riksmaklaren-plus\/\",\"name\":\"L\\u00e4r dig mer om Riksm\\u00e4klaren Plus och logga in - Riksm\\u00e4klaren Uppsala\",\"isPartOf\":{\"@id\":\"https:\/\/riksmaklaren.se\/uppsala\/#website\"},\"datePublished\":\"2019-11-08T12:54:50+00:00\",\"dateModified\":\"2021-03-17T12:28:57+00:00\",\"description\":\"Riksm\\u00e4klaren Plus gynnar b\\u00e5de s\\u00e4ljare och spekulanter. Vad inneb\\u00e4r tj\\u00e4nsten f\\u00f6r dig som s\\u00e4ljare? Hur hj\\u00e4lper den dig som spekulant?\",\"inLanguage\":\"sv-SE\",\"potentialAction\":[{\"@type\":\"ReadAction\",\"target\":[\"https:\/\/riksmaklaren.se\/uppsala\/riksmaklaren-plus\/\"]}]}]}<\/script>\n<!-- \/ Yoast SEO plugin. -->","_links":{"self":[{"href":"https:\/\/riksmaklaren.se\/uppsala\/wp-json\/wp\/v2\/pages\/29"}],"collection":[{"href":"https:\/\/riksmaklaren.se\/uppsala\/wp-json\/wp\/v2\/pages"}],"about":[{"href":"https:\/\/riksmaklaren.se\/uppsala\/wp-json\/wp\/v2\/types\/page"}],"author":[{"embeddable":true,"href":"https:\/\/riksmaklaren.se\/uppsala\/wp-json\/wp\/v2\/users\/1"}],"replies":[{"embeddable":true,"href":"https:\/\/riksmaklaren.se\/uppsala\/wp-json\/wp\/v2\/comments?post=29"}],"version-history":[{"count":52,"href":"https:\/\/riksmaklaren.se\/uppsala\/wp-json\/wp\/v2\/pages\/29\/revisions"}],"predecessor-version":[{"id":1580,"href":"https:\/\/riksmaklaren.se\/uppsala\/wp-json\/wp\/v2\/pages\/29\/revisions\/1580"}],"wp:attachment":[{"href":"https:\/\/riksmaklaren.se\/uppsala\/wp-json\/wp\/v2\/media?parent=29"}],"curies":[{"name":"wp","href":"https:\/\/api.w.org\/{rel}","templated":true}]}}