{"id":19,"date":"2020-10-12T09:50:07","date_gmt":"2020-10-12T07:50:07","guid":{"rendered":"https:\/\/riksmaklaren.se\/olofstrom\/?page_id=19"},"modified":"2020-11-02T16:03:55","modified_gmt":"2020-11-02T15:03:55","slug":"medarbetare","status":"publish","type":"page","link":"https:\/\/riksmaklaren.se\/olofstrom\/om-oss\/medarbetare\/","title":{"rendered":"Medarbetare"},"content":{"rendered":"","protected":false},"excerpt":{"rendered":"","protected":false},"author":3,"featured_media":0,"parent":14,"menu_order":0,"comment_status":"closed","ping_status":"closed","template":"","meta":[],"yoast_head":"<!-- This site is optimized with the Yoast SEO plugin v15.0 - https:\/\/yoast.com\/wordpress\/plugins\/seo\/ -->\n<meta name=\"description\" content=\"Hos Riksm\u00e4klaren har vi medarbetare som \u00e4r b\u00e5de yngre och \u00e4ldre, man och kvinna. H\u00e4r kan du l\u00e4ra k\u00e4nna v\u00e5rt h\u00e4rliga g\u00e4ng!\" \/>\n<meta name=\"robots\" content=\"index, follow, max-snippet:-1, max-image-preview:large, max-video-preview:-1\" \/>\n<link rel=\"canonical\" href=\"https:\/\/riksmaklaren.se\/olofstrom\/om-oss\/medarbetare\/\" \/>\n<meta property=\"og:locale\" content=\"sv_SE\" \/>\n<meta property=\"og:type\" content=\"article\" \/>\n<meta property=\"og:title\" content=\"L\u00e4r k\u00e4nna v\u00e5ra medarbetare - Riksm\u00e4klaren Olofstr\u00f6m\" \/>\n<meta property=\"og:description\" content=\"Hos Riksm\u00e4klaren har vi medarbetare som \u00e4r b\u00e5de yngre och \u00e4ldre, man och kvinna. H\u00e4r kan du l\u00e4ra k\u00e4nna v\u00e5rt h\u00e4rliga g\u00e4ng!\" \/>\n<meta property=\"og:url\" content=\"https:\/\/riksmaklaren.se\/olofstrom\/om-oss\/medarbetare\/\" \/>\n<meta property=\"og:site_name\" content=\"Riksm\u00e4klaren Olofstr\u00f6m\" \/>\n<meta property=\"article:modified_time\" content=\"2020-11-02T15:03:55+00:00\" \/>\n<meta name=\"twitter:card\" content=\"summary_large_image\" \/>\n<script type=\"application\/ld+json\" class=\"yoast-schema-graph\">{\"@context\":\"https:\/\/schema.org\",\"@graph\":[{\"@type\":\"WebSite\",\"@id\":\"https:\/\/riksmaklaren.se\/olofstrom\/#website\",\"url\":\"https:\/\/riksmaklaren.se\/olofstrom\/\",\"name\":\"Riksm\\u00e4klaren Olofstr\\u00f6m\",\"description\":\"En till Riksm\\u00e4klarens-webbplatser webbplats\",\"potentialAction\":[{\"@type\":\"SearchAction\",\"target\":\"https:\/\/riksmaklaren.se\/olofstrom\/?s={search_term_string}\",\"query-input\":\"required name=search_term_string\"}],\"inLanguage\":\"sv-SE\"},{\"@type\":\"WebPage\",\"@id\":\"https:\/\/riksmaklaren.se\/olofstrom\/om-oss\/medarbetare\/#webpage\",\"url\":\"https:\/\/riksmaklaren.se\/olofstrom\/om-oss\/medarbetare\/\",\"name\":\"L\\u00e4r k\\u00e4nna v\\u00e5ra medarbetare - Riksm\\u00e4klaren Olofstr\\u00f6m\",\"isPartOf\":{\"@id\":\"https:\/\/riksmaklaren.se\/olofstrom\/#website\"},\"datePublished\":\"2020-10-12T07:50:07+00:00\",\"dateModified\":\"2020-11-02T15:03:55+00:00\",\"description\":\"Hos Riksm\\u00e4klaren har vi medarbetare som \\u00e4r b\\u00e5de yngre och \\u00e4ldre, man och kvinna. H\\u00e4r kan du l\\u00e4ra k\\u00e4nna v\\u00e5rt h\\u00e4rliga g\\u00e4ng!\",\"inLanguage\":\"sv-SE\",\"potentialAction\":[{\"@type\":\"ReadAction\",\"target\":[\"https:\/\/riksmaklaren.se\/olofstrom\/om-oss\/medarbetare\/\"]}]}]}<\/script>\n<!-- \/ Yoast SEO plugin. -->","_links":{"self":[{"href":"https:\/\/riksmaklaren.se\/olofstrom\/wp-json\/wp\/v2\/pages\/19"}],"collection":[{"href":"https:\/\/riksmaklaren.se\/olofstrom\/wp-json\/wp\/v2\/pages"}],"about":[{"href":"https:\/\/riksmaklaren.se\/olofstrom\/wp-json\/wp\/v2\/types\/page"}],"author":[{"embeddable":true,"href":"https:\/\/riksmaklaren.se\/olofstrom\/wp-json\/wp\/v2\/users\/3"}],"replies":[{"embeddable":true,"href":"https:\/\/riksmaklaren.se\/olofstrom\/wp-json\/wp\/v2\/comments?post=19"}],"version-history":[{"count":2,"href":"https:\/\/riksmaklaren.se\/olofstrom\/wp-json\/wp\/v2\/pages\/19\/revisions"}],"predecessor-version":[{"id":74,"href":"https:\/\/riksmaklaren.se\/olofstrom\/wp-json\/wp\/v2\/pages\/19\/revisions\/74"}],"up":[{"embeddable":true,"href":"https:\/\/riksmaklaren.se\/olofstrom\/wp-json\/wp\/v2\/pages\/14"}],"wp:attachment":[{"href":"https:\/\/riksmaklaren.se\/olofstrom\/wp-json\/wp\/v2\/media?parent=19"}],"curies":[{"name":"wp","href":"https:\/\/api.w.org\/{rel}","templated":true}]}}