{"id":84,"date":"2020-10-09T10:29:50","date_gmt":"2020-10-09T08:29:50","guid":{"rendered":"https:\/\/riksmaklaren.se\/helsingborg\/?page_id=84"},"modified":"2020-11-02T15:35:31","modified_gmt":"2020-11-02T14:35:31","slug":"budgivning-hos-riksmaklaren","status":"publish","type":"page","link":"https:\/\/riksmaklaren.se\/helsingborg\/om-oss\/budgivning-hos-riksmaklaren","title":{"rendered":"Budgivning hos Riksm\u00e4klaren"},"content":{"rendered":"","protected":false},"excerpt":{"rendered":"","protected":false},"author":3,"featured_media":0,"parent":38,"menu_order":0,"comment_status":"closed","ping_status":"closed","template":"","meta":[],"yoast_head":"<!-- This site is optimized with the Yoast SEO plugin v15.0 - https:\/\/yoast.com\/wordpress\/plugins\/seo\/ -->\n<meta name=\"description\" content=\"Trygg budgivning hos Riksm\u00e4klaren! Att skapa trygghet f\u00f6r b\u00e5de k\u00f6pare och s\u00e4ljare \u00e4r en av v\u00e5ra viktigaste uppgifter som m\u00e4klare.\" \/>\n<meta name=\"robots\" content=\"index, follow, max-snippet:-1, max-image-preview:large, max-video-preview:-1\" \/>\n<link rel=\"canonical\" href=\"https:\/\/riksmaklaren.se\/helsingborg\/om-oss\/budgivning-hos-riksmaklaren\" \/>\n<meta property=\"og:locale\" content=\"sv_SE\" \/>\n<meta property=\"og:type\" content=\"article\" \/>\n<meta property=\"og:title\" content=\"Hur g\u00e5r en budgivning hos Riksm\u00e4klaren till? F\u00e5 svar p\u00e5 alla dina fr\u00e5gor.\" \/>\n<meta property=\"og:description\" content=\"Trygg budgivning hos Riksm\u00e4klaren! Att skapa trygghet f\u00f6r b\u00e5de k\u00f6pare och s\u00e4ljare \u00e4r en av v\u00e5ra viktigaste uppgifter som m\u00e4klare.\" \/>\n<meta property=\"og:url\" content=\"https:\/\/riksmaklaren.se\/helsingborg\/om-oss\/budgivning-hos-riksmaklaren\" \/>\n<meta property=\"og:site_name\" content=\"Riksm\u00e4klaren Helsingborg\" \/>\n<meta property=\"article:modified_time\" content=\"2020-11-02T14:35:31+00:00\" \/>\n<meta name=\"twitter:card\" content=\"summary_large_image\" \/>\n<script type=\"application\/ld+json\" class=\"yoast-schema-graph\">{\"@context\":\"https:\/\/schema.org\",\"@graph\":[{\"@type\":\"WebSite\",\"@id\":\"https:\/\/riksmaklaren.se\/helsingborg\/#website\",\"url\":\"https:\/\/riksmaklaren.se\/helsingborg\/\",\"name\":\"Riksm\\u00e4klaren Helsingborg\",\"description\":\"En till Riksm\\u00e4klarens-webbplatser webbplats\",\"potentialAction\":[{\"@type\":\"SearchAction\",\"target\":\"https:\/\/riksmaklaren.se\/helsingborg\/?s={search_term_string}\",\"query-input\":\"required name=search_term_string\"}],\"inLanguage\":\"sv-SE\"},{\"@type\":\"WebPage\",\"@id\":\"https:\/\/riksmaklaren.se\/helsingborg\/om-oss\/budgivning-hos-riksmaklaren#webpage\",\"url\":\"https:\/\/riksmaklaren.se\/helsingborg\/om-oss\/budgivning-hos-riksmaklaren\",\"name\":\"Hur g\\u00e5r en budgivning hos Riksm\\u00e4klaren till? F\\u00e5 svar p\\u00e5 alla dina fr\\u00e5gor.\",\"isPartOf\":{\"@id\":\"https:\/\/riksmaklaren.se\/helsingborg\/#website\"},\"datePublished\":\"2020-10-09T08:29:50+00:00\",\"dateModified\":\"2020-11-02T14:35:31+00:00\",\"description\":\"Trygg budgivning hos Riksm\\u00e4klaren! Att skapa trygghet f\\u00f6r b\\u00e5de k\\u00f6pare och s\\u00e4ljare \\u00e4r en av v\\u00e5ra viktigaste uppgifter som m\\u00e4klare.\",\"inLanguage\":\"sv-SE\",\"potentialAction\":[{\"@type\":\"ReadAction\",\"target\":[\"https:\/\/riksmaklaren.se\/helsingborg\/om-oss\/budgivning-hos-riksmaklaren\"]}]}]}<\/script>\n<!-- \/ Yoast SEO plugin. -->","_links":{"self":[{"href":"https:\/\/riksmaklaren.se\/helsingborg\/wp-json\/wp\/v2\/pages\/84"}],"collection":[{"href":"https:\/\/riksmaklaren.se\/helsingborg\/wp-json\/wp\/v2\/pages"}],"about":[{"href":"https:\/\/riksmaklaren.se\/helsingborg\/wp-json\/wp\/v2\/types\/page"}],"author":[{"embeddable":true,"href":"https:\/\/riksmaklaren.se\/helsingborg\/wp-json\/wp\/v2\/users\/3"}],"replies":[{"embeddable":true,"href":"https:\/\/riksmaklaren.se\/helsingborg\/wp-json\/wp\/v2\/comments?post=84"}],"version-history":[{"count":5,"href":"https:\/\/riksmaklaren.se\/helsingborg\/wp-json\/wp\/v2\/pages\/84\/revisions"}],"predecessor-version":[{"id":188,"href":"https:\/\/riksmaklaren.se\/helsingborg\/wp-json\/wp\/v2\/pages\/84\/revisions\/188"}],"up":[{"embeddable":true,"href":"https:\/\/riksmaklaren.se\/helsingborg\/wp-json\/wp\/v2\/pages\/38"}],"wp:attachment":[{"href":"https:\/\/riksmaklaren.se\/helsingborg\/wp-json\/wp\/v2\/media?parent=84"}],"curies":[{"name":"wp","href":"https:\/\/api.w.org\/{rel}","templated":true}]}}